 highest common divisor of 1468971 and 882?
441
What is the greatest common factor of 1321206 and 48297?
51
Calculate the greatest common factor of 14640366 and 30498.
1326
Calculate the greatest common factor of 262003 and 49931.
49
Calculate the highest common factor of 745728 and 6490164.
11652
What is the greatest common factor of 5855773 and 7910?
791
What is the greatest common divisor of 3125260 and 144290?
3070
Calculate the greatest common divisor of 276 and 27428.
4
Calculate the greatest common factor of 7850 and 282850.
50
What is the highest common divisor of 20469619 and 7954?
3977
What is the greatest common divisor of 5161671 and 27?
27
What is the greatest common factor of 16 and 144882880?
16
Calculate the greatest common divisor of 37422 and 1129282.
154
What is the greatest common divisor of 27492538 and 2164?
1082
Calculate the highest common factor of 27 and 3014523.
27
Calculate the greatest common factor of 3871 and 749.
7
Calculate the highest common factor of 7663455 and 3405.
15
Calculate the highest common factor of 31671 and 28903203.
621
Calculate the highest common factor of 97152 and 19424.
32
Calculate the highest common factor of 1420 and 214243494.
142
What is the highest common divisor of 50 and 3438940?
10
What is the greatest common factor of 6270 and 152187530?
2090
Calculate the greatest common factor of 2812056 and 80496.
312
What is the greatest common divisor of 1176831 and 3893?
229
What is the highest common divisor of 650 and 39187746?
26
Calculate the highest common divisor of 161 and 2572803.
23
What is the highest common factor of 454512 and 13532?
68
What is the highest common factor of 119 and 7042403?
17
What is the highest common divisor of 298752 and 1164?
12
What is the highest common divisor of 644046 and 259302?
138
What is the highest common divisor of 2096910 and 13110?
690
What is the highest common factor of 7136162 and 429942?
1094
Calculate the greatest common divisor of 852 and 26678037.
213
Calculate the highest common divisor of 1908 and 14346.
18
Calculate the highest common factor of 192 and 36045.
3
Calculate the greatest common divisor of 22065707 and 57.
19
What is the greatest common divisor of 71357 and 213572?
499
Calculate the greatest common divisor of 15972208 and 3392.
16
What is the highest common factor of 235898 and 2450554?
422
Calculate the greatest common factor of 277545636 and 4086.
4086
What is the highest common factor of 6048 and 777168?
3024
Calculate the highest common factor of 150239860 and 20.
20
What is the greatest common divisor of 594 and 92072673?
297
What is the greatest common factor of 9664272 and 189?
27
Calculate the highest common factor of 23212 and 2315.
1
What is the greatest common factor of 24531020 and 1180?
1180
Calculate the greatest common factor of 2255 and 4350511.
11
What is the highest common factor of 2725806 and 59302?
298
Calculate the highest common factor of 2411723 and 4923.
547
What is the greatest common divisor of 20225754 and 37?
37
Calculate the highest common divisor of 35028 and 47955.
417
Calculate the highest common factor of 312928 and 494284.
3556
What is the highest common factor of 714 and 342434526?
42
What is the greatest common divisor of 7690415 and 5?
5
Calculate the highest common divisor of 240 and 18935920.
80
What is the greatest common divisor of 4125 and 1610205?
15
Calculate the greatest common factor of 1988 and 865508.
28
What is the greatest common divisor of 20125136 and 288?
16
Calculate the greatest common factor of 171507 and 3108.
21
What is the greatest common factor of 4902 and 1129266?
258
What is the greatest common factor of 195750 and 21905?
5
Calculate the greatest common divisor of 658 and 3206.
14
Calculate the highest common factor of 203312 and 17072.
1552
What is the highest common factor of 2052 and 1169290476?
684
What is the highest common factor of 19513891 and 7729?
131
What is the greatest common divisor of 4897 and 1563803?
83
What is the highest common factor of 13660 and 60620?
20
Calculate the highest common factor of 387970 and 110.
110
Calculate the greatest common divisor of 77 and 3602347.
7
What is the greatest common factor of 198 and 11290842?
18
What is the highest common divisor of 122200 and 1976?
104
What is the greatest common divisor of 544883460 and 2640?
660
What is the highest common divisor of 123569447 and 318?
53
What is the greatest common divisor of 12400 and 467234480?
2480
What is the greatest common factor of 156492 and 99696?
12
What is the greatest common divisor of 2205 and 6982605?
315
Calculate the greatest common divisor of 14 and 4782586.
2
Calculate the highest common factor of 5492 and 1250803.
1373
Calculate the highest common factor of 3584 and 1144318.
14
What is the greatest common factor of 140 and 30369500?
140
What is the highest common factor of 9425 and 708825?
325
What is the highest common divisor of 2465 and 255629?
17
Calculate the greatest common divisor of 634 and 15820202.
634
What is the greatest common factor of 38 and 437600305?
19
Calculate the highest common factor of 234 and 50885658.
18
What is the highest common factor of 1920 and 618200?
40
Calculate the greatest common divisor of 5078969 and 14231.
749
Calculate the highest common factor of 388627330 and 17745.
5915
Calculate the highest common divisor of 659464 and 120.
8
What is the greatest common factor of 3833 and 528?
1
What is the highest common factor of 394174 and 880?
22
What is the highest common divisor of 30438863 and 182?
91
What is the greatest common divisor of 274183756 and 770?
154
What is the greatest common divisor of 1107 and 149413635?
369
Calculate the greatest common factor of 20 and 4509980.
20
Calculate the highest common factor of 273582014 and 1.
1
Calculate the highest common divisor of 466 and 26390978.
466
Calculate the highest common divisor of 15640 and 2005140.
460
What is the highest common factor of 15743 and 1729?
91
What is the highest common divisor of 75757365 and 405?
45
Calculate the highest common factor of 4557683 and 442.
221
Calculate the highest common factor of 18076690 and 5764.
262
Calculate the greatest common divisor of 4269632 and 688.
16
What is the greatest common factor of 33550 and 2905650?
550
Calculate the greatest common factor of 46 and 5236318.
46
Calculate the greatest common factor of 387704514 and 276.
138
What is the greatest common factor of 1935 and 471323?
43
What is the highest common divisor of 136010 and 485779?
203
Calculate the greatest common divisor of 130 and 213822765.
65
What is the greatest common factor of 1620 and 27740?
20
Calculate the highest common divisor of 409019 and 65081.
431
Calculate the greatest common factor of 392376 and 576.
24
Calculate the highest common factor of 4212 and 60718164.
156
What is the highest common factor of 65636280 and 270?
90
What is the highest common divisor of 74005 and 31844?
19
What is the highest common divisor of 4232173 and 297?
11
What is the greatest common divisor of 2521846 and 50986?
3922
What is the highest common divisor of 385559759 and 39?
13
What is the highest common factor of 78741 and 13455?
117
What is the highest common divisor of 6710400 and 2318350?
11650
Calculate the greatest common factor of 16005 and 1782.
33
Calculate the greatest common divisor of 4227885 and 180.
45
What is the greatest common divisor of 51 and 26969939?
17
What is the highest common factor of 507501545 and 10?
5
Calculate the greatest common factor of 72775426 and 710.
142
Calculate the highest common divisor of 388977 and 5494859.
4471
What is the highest common factor of 205436 and 433895?
1771
Calculate the greatest common divisor of 2328 and 1342216.
8
What is the greatest common divisor of 1276 and 2488316?
116
What is the greatest common divisor of 44080465 and 22880?
715
Calculate the greatest common divisor of 16808 and 15532693.
2101
Calculate the highest common factor of 209180 and 4540.
20
Calculate the greatest common factor of 28175 and 14924861.
1127
What is the greatest common divisor of 91700901 and 4371?
141
What is the highest common factor of 3530 and 63070?
10
What is the greatest common factor of 2775 and 5212005?
555
Wh